e units digit of 105589045?
5
What is the billions digit of 3707066193?
3
What is the millions digit of 2039469288?
9
What is the hundred millions digit of 319885394?
3
What is the ten millions digit of 26435147?
2
What is the ten millions digit of 58975805?
5
What is the hundreds digit of 24541776?
7
What is the units digit of 118727817?
7
What is the ten millions digit of 72512541?
7
What is the ten millions digit of 31992465?
3
What is the tens digit of 89626145?
4
What is the thousands digit of 23518006?
8
What is the ten thousands digit of 1374680907?
8
What is the millions digit of 31915454?
1
What is the ten millions digit of 1562069574?
6
What is the units digit of 388021316?
6
What is the ten millions digit of 34646477?
3
What is the units digit of 223259137?
7
What is the billions digit of 3477746089?
3
What is the millions digit of 422289873?
2
What is the millions digit of 296777998?
6
What is the hundreds digit of 44164390?
3
What is the tens digit of 292363623?
2
What is the hundred millions digit of 1131820139?
1
What is the millions digit of 3527869803?
7
What is the thousands digit of 63374989?
4
What is the units digit of 20207803?
3
What is the millions digit of 6715834?
6
What is the ten thousands digit of 1900958059?
5
What is the ten millions digit of 1339563916?
3
What is the hundreds digit of 168529446?
4
What is the ten millions digit of 124401839?
2
What is the millions digit of 564284023?
4
What is the millions digit of 68960068?
8
What is the millions digit of 388065637?
8
What is the thousands digit of 1295513813?
3
What is the ten thousands digit of 1842030703?
3
What is the units digit of 1941127455?
5
What is the hundred millions digit of 188924747?
1
What is the units digit of 1181338192?
2
What is the units digit of 52227562?
2
What is the thousands digit of 18375773?
5
What is the ten thousands digit of 7009153041?
5
What is the hundreds digit of 15842612?
6
What is the hundreds digit of 4100841?
8
What is the millions digit of 50549075?
0
What is the hundreds digit of 1642149703?
7
What is the tens digit of 426090249?
4
What is the billions digit of 1230705355?
1
What is the tens digit of 821011918?
1
What is the units digit of 1028597484?
4
What is the ten thousands digit of 285402575?
0
What is the tens digit of 100941736?
3
What is the hundreds digit of 3543042370?
3
What is the ten millions digit of 230546822?
3
What is the hundreds digit of 7120048?
0
What is the billions digit of 1585200151?
1
What is the hundreds digit of 271994142?
1
What is the ten thousands digit of 412685274?
8
What is the thousands digit of 125137271?
7
What is the hundreds digit of 48649890?
8
What is the units digit of 4075594930?
0
What is the thousands digit of 25485709?
5
What is the units digit of 103856871?
1
What is the billions digit of 1085145108?
1
What is the thousands digit of 333103593?
3
What is the thousands digit of 228329411?
9
What is the hundred millions digit of 108134217?
1
What is the hundreds digit of 1374393872?
8
What is the ten millions digit of 5871526794?
7
What is the hundred millions digit of 138302792?
1
What is the ten millions digit of 122407030?
2
What is the ten thousands digit of 1943745671?
4
What is the hundred thousands digit of 49594740?
5
What is the ten thousands digit of 2218223312?
2
What is the millions digit of 201832228?
1
What is the units digit of 41656037?
7
What is the millions digit of 927708549?
7
What is the ten millions digit of 417873857?
1
What is the thousands digit of 64660629?
0
What is the tens digit of 2255279240?
4
What is the millions digit of 2780054268?
0
What is the tens digit of 1139579420?
2
What is the hundreds digit of 1378419483?
4
What is the hundreds digit of 8541238?
2
What is the millions digit of 101302217?
1
What is the ten millions digit of 697140457?
9
What is the ten millions digit of 2818617714?
1
What is the hundreds digit of 98295690?
6
What is the tens digit of 72703259?
5
What is the billions digit of 2910310373?
2
What is the hundreds digit of 42752957?
9
What is the ten millions digit of 296540861?
9
What is the thousands digit of 583215532?
5
What is the ten millions digit of 216772163?
1
What is the hundreds digit of 49649665?
6
What is the hundreds digit of 521933672?
6
What is the units digit of 3229103155?
5
What is the tens digit of 2153309282?
8
What is the hundred thousands digit of 260854184?
8
What is the ten millions digit of 202708115?
0
What is the thousands digit of 6968221?
8
What is the millions digit of 73158410?
3
What is the thousands digit of 2174114315?
4
What is the millions digit of 214493416?
4
What is the millions digit of 361158210?
1
What is the millions digit of 2725039838?
5
What is the hundred thousands digit of 14660953?
6
What is the hundred millions digit of 818117168?
8
What is the units digit of 121754006?
6
What is the ten millions digit of 26836463?
2
What is the hundred thousands digit of 124179618?
1
What is the ten millions digit of 382061178?
8
What is the hundreds digit of 4672554?
5
What is the hundreds digit of 2648485317?
3
What is the thousands digit of 94235470?
5
What is the ten millions digit of 72830658?
7
What is the hundred millions digit of 4621927643?
6
What is the tens digit of 150518288?
8
What is the ten thousands digit of 64502188?
0
What is the thousands digit of 179469907?
9
What is the ten thousands digit of 29774027?
7
What is the millions digit of 8260845?
8
What is the thousands digit of 16338536?
8
What is the ten millions digit of 579578627?
7
What is the ten millions digit of 795812694?
9
What is the millions digit of 1355476271?
5
What is the thousands digit of 41711040?
1
What is the ten thousands digit of 15459366?
5
What is the units digit of 667368631?
1
What is the units digit of 260368525?
5
What is the ten millions digit of 1103547443?
0
What is the hundred thousands digit of 2859255949?
2
What is the tens digit of 127705585?
8
What is the hundreds digit of 32237315?
3
What is the hundreds digit of 10867123?
1
What is the units digit of 178249362?
2
What is the hundred millions digit of 1086273541?
0
What is the millions digit of 13983115?
3
What is the hundred thousands digit of 1639220718?
2
What is the hundreds digit of 274017881?
8
What is the units digit of 59098449?
9
What is the hundreds digit of 1671823?
8
What is the hundred thousands digit of 693716378?
7
What is the units digit of 115589231?
1
What is the hundreds digit of 77161314?
3
What is the hundreds digit of 6463349228?
2
What is the hundreds digit of 14166201?
2
What is the ten millions digit of 8197489841?
9
What is the thousands digit of 588690052?
0
What is the thousands digit of 1855297493?
7
What is the hundred thousands digit of 2196993735?
9
What is the tens digit of 26541167?
6
What is the hundred millions digit of 112178565?
1
What is the hundred thousands digit of 1230775231?
7
What is the ten millions digit of 484327439?
8
What is the thousands digit of 485195059?
5
What is the ten millions digit of 86989937?
8
What is the hundred millions digit of 600087158?
6
What is the tens digit of 194643609?
0
What is the hundred millions digit of 116069608?
1
What is the ten thousands digit of 39002344?
0
What is the units digit of 4492002760?
0
What is the units digit of 3845571003?
3
What is the thousands digit of 112025544?
5
What is the millions digit of 40456113?
0
What is the ten thousands digit of 1943044842?
4
What is the tens digit of 228264661?
6
What is the millions digit of 7753211?
7
What is the hundred thousands digit of 27694120?
6
What is the ten thousands digit of 660240953?
4
What is the units digit of 2111840865?
5
What is the hundred thousands digit of 8164537?
1
What is the millions digit of 61982726?
1
What is the hundred millions digit of 2811404803?
8
What is the thousands digit of 188450746?
0
What is the tens digit of 61461252?
5
What is the thousands digit of 7116737974?
7
What is the thousands digit of 120290024?
0
What is the units digit of 626928368?
8
What is the millions digit of 344805489?
4
What is the hundred millions digit of 1893551342?
8
What is the hundreds digit of 98397030?
0
What is the thousands digit of 3771678714?
8
What is the ten millions digit of 5